 + 200*m - 75*m - 55*m - 54*m. Calculate n(9).
-13
Let x(w) = 2 + 15 - 26*w + 0. Let k be x(-11). Let h(v) = 306*v - 3*v**3 - k*v - 4*v**2 + 4*v**3. Give h(3).
0
Let m(v) = -145 + 0*v - 5*v - 135 + 4*v + 244. What is m(-12)?
-24
Let z be (-63 + 66)*4*1/6. Suppose -5*m + 29 = -z*c, -3*m = c + 2*m - 8. Let t(r) = -r**3 - 8*r**2 - 5*r - 5. Calculate t(c).
-19
Let u(j) = -3*j**2 - 25*j + 12. Let q(s) = s**2 + 32*s + 211. Let f be q(-22). Give u(f).
-6
Let n(r) = r**3 - 8*r**2 - 18*r - 10. Let p be (-5 + -1)/(831/(-1385)). What is n(p)?
10
Let r(x) = 6*x - 20. Let j be (-1 - 4) + 33/(495/60) - -10. What is r(j)?
34
Let m(t) = -t**2 + 12*t - 9. Suppose 83*x + 28*x = 9*x + 408. Calculate m(x).
23
Suppose 0 = -17*h - 33 + 16. Let y(k) = -k**2 + 3*k + 3. Let a be y(4). Let r = h - a. Let n(w) = w**3 + w**2 - w + 9. Give n(r).
9
Suppose 304 - 328 = -4*u. Let v be 2/(9/u + (-7)/2). Let p(s) = 25*s**3 - s**2. What is p(v)?
-26
Let d = 188 - 164. Suppose 0 = -4*n - 2*m + 3*m - 12, 5*m = 2*n + d. Let w(v) = -3*v + 1. Calculate w(n).
7
Let h(t) = -t**3 + 2. Suppose 0 = v + v - 3*j + 11, 5*j = 3*v + 19. Suppose -5 + 7 = v*p. Let w be -1 + -2 + 3/p. Give h(w).
2
Let z(v) = -8*v - 3. Let w(y) = 15*y - 23. Let g(f) = w(f) + 2*z(f). Determine g(-26).
-3
Let t(g) = 3*g**2 + 7*g + 3. Let c(d) = 2*d**2 + 6*d + 3. Let s(m) = 4*c(m) - 3*t(m). Let v be ((-4)/(-3))/((19 - 21) + (-4)/(-3)). What is s(v)?
-7
Let o(h) be the first derivative of h**4/12 + h**3/2 + 56*h - 61. Let p(q) be the first derivative of o(q). Calculate p(-4).
4
Let a = 54 + -43. Suppose -4*x + 2*x = -s + a, 0 = -2*s + 5*x + 24. Let q(o) = -o - o - s*o + o**2 - 6. Calculate q(8).
-14
Let b(v) = -v**3 - 3*v**2 - v. Let z(i) = -4*i**3 - 38*i**2 - 33*i - 57. Let r(x) = -3*b(x) + z(x). Calculate r(-28).
-1
Suppose 8*z = 65 + 23. Let h(q) = -2*q**2 + 24*q - 25. Let v be h(z). Let b(o) = o - 5. Give b(v).
-8
Let t(r) = 2*r**3 + 3*r**2 + r - 1. Let h(k) = -k**3 - 2*k**2 - k + 1. Let a(s) = 5*h(s) + 2*t(s). Calculate a(-4).
15
Let i(q) = 4*q**2 - 9*q - 11. Let a(z) = -5*z**2 + 10*z + 12. Let k(r) = 5*a(r) + 6*i(r). Let m(b) = -b**2 - 5*b + 19. Let p be m(-8). Calculate k(p).
-11
Let m(n) = n**3 + 3*n**2 + 3*n - 1. Let a = -3740 + 3737. Calculate m(a).
-10
Let o(x) = 2*x**3 - 9*x**2 + x + 20. Let y(i) = 3*i**3 - 13*i**2 + 2*i + 27. Let a(f) = -7*o(f) + 5*y(f). Calculate a(4).
39
Let l(q) = -50*q + 17*q - 1 + 25*q. Let n(h) = 7*h + 1. Let v(t) = 5*l(t) + 6*n(t). Let f(d) = -d**2 + 15*d. Let o(r) = -f(r) + 5*v(r). Determine o(5).
5
Suppose h - 6 = -2*l, -5*h + 12 = 4*l - 6. Let q(n) = 3*n**2 + n - 8. Determine q(h).
6
Let c(r) = r. Suppose -151 = 5*p + j, 10*p - 3*j + 167 = 5*p. Let x = -16 - p. Let f = x - 11. Calculate c(f).
4
Let n(b) = -15*b + 4. Let h be n(-4). Suppose -2437*q = -2366*q - 4473. Let z(a) = -q + a**2 - h - 6*a + 125. Calculate z(4).
-10
Let b(f) = -604*f - 4241. Let z be b(-7). Let i(n) = -6*n - 21. Calculate i(z).
57
Suppose 5*q + 1495 = 5*u, 1490 = -9*u + 14*u - 4*q. Let j(t) = 590*t - 1 - 293*t - u*t. Give j(-7).
-22
Let p(f) = -f**2 + 8*f + 7. Let i = -236 - -386. Let a = i + -142. Give p(a).
7
Let g(h) = h + 9. Let f = -108 + 16. Let o = f + 88. Calculate g(o).
5
Let s(v) be the third derivative of 5*v**4/4 + 4*v**3/3 + 5968*v**2. Calculate s(-3).
-82
Let c(r) be the third derivative of r**5/60 + r**4/12 - 7*r**3/6 - 1883*r**2 - r. Give c(-5).
8
Let r = -21 - -24. Suppose -8*o + r*o = 25. Let v(b) be the second derivative of b**5/20 + b**4/4 - b**3 + 5*b**2/2 + 2*b. Give v(o).
-15
Let p(q) = 41*q - 20*q - 124 - 12*q - 16*q - 89. Give p(-31).
4
Let u(c) be the second derivative of -c - 1/6*c**3 + 2*c**2 - 75. What is u(9)?
-5
Let n(z) = -3 + 0*z - 9*z + 1 + 7*z**2 + z**3 + 4*z - 12*z**2. Suppose -5*x + v + 41 - 6 = 0, 2*v = -2*x + 2. Calculate n(x).
4
Suppose a + 8*g - 326 = 11*g, 305 = a + 4*g. Let p = 309 - a. Let i(j) = j - 1. Give i(p).
-9
Suppose 60*p - 35*p - 275 = 0. Suppose 17*k - p*k = -54. Let b(y) = -y**2 - 6*y - 3. Calculate b(k).
-30
Let r(u) = u**3 + 9*u**2 + 8*u - 1. Let a = 5199 + -5207. Calculate r(a).
-1
Let f(b) be the third derivative of b**6/120 + 19*b**5/60 + 17*b**4/24 - 7*b**3/3 - 4*b**2 - 217*b. Determine f(-18).
4
Let z be (-1 - -2) + -1 + -3. Let q be 12*((-14)/z + -4). Suppose -7*s + 9*s = q. Let t(k) = k**2 - 10*k + 6. Calculate t(s).
-18
Let j = 5075 + -5076. Let o(r) = -11*r - 7. Determine o(j).
4
Let b(k) be the second derivative of -k**6/360 - k**5/60 + 35*k**3/3 - 53*k. Let f(j) be the second derivative of b(j). Calculate f(-1).
1
Let c = -21576 + 21570. Let d(i) = i**3 + 8*i**2 + 5*i - 49. Give d(c).
-7
Let x(g) be the second derivative of g**5/20 - 5*g**4/12 - g**3/6 - 4*g**2 - 3624*g. Determine x(5).
-13
Let u(t) = t - 2. Suppose -9*r - 759 = 3*w - 10*r, 4*w = 4*r - 1020. Let y = w - -249. Calculate u(y).
-5
Let n(o) = 44*o**2 + 81*o + 59. Let t(v) = 62*v**2 + 122*v + 88. Let l(k) = 7*n(k) - 5*t(k). Give l(-21).
-6
Let b(x) = -102*x + 1. Let q be ((-48)/(-26) + 4/26)*22/(-44). Calculate b(q).
103
Let q = -340 + 385. Suppose 15*n + q + 45 = 0. Let t(c) = -2*c - 14. Calculate t(n).
-2
Let u be ((-6 - 0) + (5 - 1))/(-1). Let j(f) = -11*f**u + 5 + 2*f + 13*f**2 - 3*f**2. Calculate j(4).
-3
Let l(g) be the first derivative of 5*g**2 + 16*g - 4151. Calculate l(-8).
-64
Let x(g) = -27*g - 176 + g**2 + 33*g + 180. Suppose -4*l - 24 = -3*o - 0*o, 0 = 5*l + 5*o - 5. Let h be (-3)/(-2)*8/l. Calculate x(h).
-4
Let r = 16 + -10. Let n(y) be the second derivative of -y**3/3 + 3*y**2 - 80*y + 8. Give n(r).
-6
Suppose -448 = 33*p - 1207. Let u(n) = -4*n**2 + 91*n + 18. What is u(p)?
-5
Let m(u) = 9 + u**2 + 2*u - 9*u - 1. Suppose -14*x + 35*x = 147. Calculate m(x).
8
Let t = -197 + 200. Let m(p) = -11*p**t + p - 8 - 9*p**2 - 11*p**3 + 23*p**3 - 2*p**3. Determine m(-9).
-17
Let x(h) be the first derivative of -h**2 - 1/120*h**6 + 21 - 1/20*h**5 - 1/8*h**4 + 1/2*h**3 - 6*h. Let k(q) be the second derivative of x(q). Calculate k(-3).
12
Let o(m) = -5 + 8 + 3 - 17 - 8*m - 8. Calculate o(12).
-115
Let g(t) be the third derivative of t**6/360 + 7*t**5/120 + t**4/6 + 103*t**3/6 + 33*t**2 + 3. Let b(q) be the first derivative of g(q). What is b(-5)?
-6
Let p = -1414 - -1406. Let t(k) = k**2 + 11*k + 29. Calculate t(p).
5
Suppose -2*o - 45 = -17. Let t be (35/o)/(5/(-4)). Suppose 2*a = -2*l - 1 + 5, -10 = t*l. Let i(v) = v**3 - 8*v**2 + 8*v - 1. Calculate i(a).
6
Let q(f) = f**2 - 30*f - 355. Let x be ((-12150)/675)/((-2)/(-1)). Calculate q(x).
-4
Let c(w) = -2*w**2 + 27*w - 37. Suppose 5*j + 116 = 5*o + 46, -50 = -4*o + j. What is c(o)?
-1
Let y(d) = -6*d**2 - 15*d - 16. Suppose 7443*l - 7437*l + 6 = 0. Calculate y(l).
-7
Let s(y) = 3*y - 1. Suppose 37 = 3*c - 5. Suppose 7*u - 84 = -c*u. Give s(u).
11
Let g(u) = -2*u**2 - 5*u + 1. Let n(r) = -r**2 - 2. Let p(y) = -g(y) + 3*n(y). Let a = -14 + 19. What is p(a)?
-7
Suppose 3*s - 14 = 1. Suppose 4*c - n - 3 = 2, 8 = 3*c - s*n. Let d(k) be the second derivative of -k**5/20 + k**4/12 - k**3/6 - 354*k. Calculate d(c).
-1
Let p(o) = -117850 + 5*o + 117864 + 17*o. Calculate p(4).
102
Suppose -23717 = -55*b + 2463. Let v = -480 + b. Let z(m) = -m**2 - 2*m + 2. What is z(v)?
-6
Let t(g) = g**3 - g**2 + g - 1. Suppose -6*o - 1383 + 231 = 0. Let z = -191 - o. Give t(z).
0
Let q(h) = 6*h**2 + 86*h + 84. Let k(o) = -2*o**2 - 44*o - 43. Let m(f) = 5*k(f) + 2*q(f). What is m(25)?
3
Let l(x) = -84*x - 90 - 2*x**2 - 34*x - 39 - 78*x + 105*x. Calculate l(-44).
3
Suppose 0 = -0*y - 2*y + 4. Let u(p) = p**3 - 190 + 2*p**2 - 186 - 191 + p + 568 - p**2. What is u(y)?
15
Let n(m) = -m**3 + 6*m**2 + 5*m + 6. Let j(l) = l**2 - 2*l + 4. Let w = 99 - 99. Let x be (w - -4)/(12/9). Let b be j(x). Calculate n(b).
-8
Let x(z) = -66*z + 541. Let s be x(8). Let u(q) = q**2 - 18*q + 60. Calculate u(s).
-5
Let o(u) = u - 8. Let t be ((-2)/6)/(341/171 - 2). Suppose 5*v + t = 2*n + 2*n, 2*n - 6 = -2*v. Give o(n).
0
Let b(p) = p**2 + p + 12. Suppose 2 = -2*s + s. Let q be -1 + 2 - (s - -49). Let g = q + 46. Give b(g).
12
Suppose -31 + 29 = -p. Let v(r) = 3 + r + 3 - p + 0. Determine v(5).
9
Let a(y) = 74*y + 68*y + 84*y + 90 + 67*y - 281*y. What is a(-8)?
-6
Let z(r) be the first derivative of -41 + 1/3*r**3 - r**2 + 0*r. What is z(2)?
0
Let n be 13/39 - (2 +